
119
Let i(n) = 194*n - 1214. What is i(6)?
-50
Let g(c) = c**3 - 47*c**2 - 67*c + 1002. Determine g(48).
90
Let z(d) = 85*d + 1061. What is z(-12)?
41
Let r(m) = m**2 - 13*m + 53. Give r(14).
67
Let p(v) = v**3 + 28*v**2 + 69*v - 140. Calculate p(-25).
10
Let a(f) = f**2 + 12*f - 42. What is a(-11)?
-53
Let h(x) = -x**2 + 14*x + 420. What is h(22)?
244
Let s(a) = -4*a**3 + 8*a**2 + 7*a - 23. Calculate s(2).
-9
Let l(r) = r**2 - 130*r - 2181. Calculate l(145).
-6
Let r(c) = 24*c + 865. Determine r(-37).
-23
Let u(z) = 149*z + 1381. What is u(-9)?
40
Let l(b) = -b**3 + 49*b**2 + 1951*b - 87. What is l(75)?
-12
Let f(m) = 33*m + 1031. Give f(-27).
140
Let x(r) = -r**2 - 25*r - 155. Calculate x(-10).
-5
Let g(o) = 1244*o - 4326. Calculate g(4).
650
Let g(a) = -26*a - 620. Give g(-23).
-22
Let g(d) = -d**3 + 203*d**2 - 794*d - 359. Determine g(199).
39
Let f(i) = 243*i + 3. What is f(1)?
246
Let i(q) = -79*q + 509. Determine i(6).
35
Let p(w) = -131*w + 115. Determine p(-3).
508
Let u(x) = -8830*x - 158952. Give u(-18).
-12
Let c(k) = -k**3 + 14*k**2 - 10*k - 86. Calculate c(3).
-17
Let b(j) = -119*j + 9. Give b(0).
9
Let c(p) = 200*p - 25564. Calculate c(128).
36
Let q(d) = d + 54. Determine q(-3).
51
Let h(f) = 44*f + 205. What is h(-6)?
-59
Let f(k) = -k**3 - 46*k**2 + 97*k - 95. Determine f(-48).
-143
Let g(h) = -h**3 + 60*h**2 - 66*h + 403. Determine g(59).
-10
Let v(k) = 111*k**2 - 15*k + 32. What is v(3)?
986
Let j(t) = 228*t + 22. What is j(0)?
22
Let f(d) = -119*d - 3449. Determine f(-31).
240
Let j(d) = -d**2 - 3*d + 217. Give j(0).
217
Let x(j) = 226*j**3 - j**2 - 2*j + 3. Determine x(1).
226
Let c(b) = -b**3 - 96*b**2 + 398*b - 208. What is c(-100)?
-8
Let a(r) = 7*r + 72. Give a(-8).
16
Let y(i) = -94*i - 1202. Determine y(-12).
-74
Let v(l) = l**2 - 40*l - 35. What is v(38)?
-111
Let q(j) = -j**2 - 11*j + 277. What is q(-28)?
-199
Let q(n) = -n**3 + 10*n**2 + n + 3. Give q(10).
13
Let k(s) = -2*s**3 - 29*s**2 + 5*s - 51. Determine k(-15).
99
Let z(y) = 28*y**2 + 108*y - 365. Give z(-6).
-5
Let v(u) = 3*u**3 - 34*u**2 - 27*u + 18. What is v(12)?
-18
Let g(a) = -a**2 + 1963*a + 7863. Give g(-4).
-5
Let x(r) = -192*r - 381. What is x(-2)?
3
Let k(f) = -123*f - 1078. Give k(-8).
-94
Let m(b) = -3*b**2 - 61*b - 383. What is m(-9)?
-77
Let g(y) = -21*y**2 + 1288*y - 392. Give g(61).
35
Let o(r) = -66*r + 1195. What is o(19)?
-59
Let h(v) = -367*v - 729. Give h(-2).
5
Let a(n) = 11*n**3 - 6*n**2 - 9*n - 4. What is a(-1)?
-12
Let t(o) = -29*o + 1126. Give t(41).
-63
Let h(q) = -3*q**3 + 123*q**2 - 5*q - 15. What is h(41)?
-220
Let q(a) = -a**2 - 8*a + 711. What is q(23)?
-2
Let t(g) = g**2 + 2*g - 153. What is t(12)?
15
Let p(j) = -107*j + 1020. Determine p(7).
271
Let s(m) = -46*m**2 - 874*m - 16. Calculate s(-19).
-16
Let l(r) = 15*r**2 + 162*r - 46. Give l(-11).
-13
Let m(u) = -u**3 - 17*u**2 - 40*u - 164. Determine m(-15).
-14
Let x(p) = -p**3 + 15*p**2 - 12*p + 433. Calculate x(16).
-15
Let g(u) = 188*u + 754. Calculate g(-4).
2
Let j(x) = 597*x - 1689. What is j(3)?
102
Let l(d) = -12*d**3 + 2*d**2 - 20*d - 24. What is l(-1)?
10
Let b(f) = -f**3 - 18*f**2 - f - 11. Give b(-18).
7
Let l(c) = c**3 + 12*c**2 + 129*c + 1842. Determine l(-13).
-4
Let q(v) = 675*v - 4573. Give q(7).
152
Let r(g) = 2*g**2 - 87*g - 1367. Calculate r(-11).
-168
Let a(f) = 2*f**3 - 31*f**2 - 810*f + 208. Calculate a(-14).
-16
Let w(d) = -d**3 + 7*d**2 + 35*d + 83. Calculate w(12).
-217
Let o(m) = 33*m + 367. What is o(-22)?
-359
Let u(i) = 630*i - 14514. Calculate u(23).
-24
Let g(k) = 6*k + 58. Determine g(-6).
22
Let z(p) = p**3 + 7*p**2 - 192*p + 224. Calculate z(10).
4
Let s(t) = t**3 + 13*t**2 - 3*t - 3. Calculate s(-13).
36
Let x(w) = 1043*w - 38636. What is x(37)?
-45
Let n(j) = -174*j - 1936. What is n(-11)?
-22
Let v(b) = b**3 + 12*b**2 - 12*b - 162. Calculate v(-12).
-18
Let v(o) = -2*o**3 - 7*o**2 - 4*o - 21. Give v(-5).
74
Let k(u) = -33*u**3 - 4*u**2 - 8*u - 4. Determine k(-2).
260
Let d(s) = -2*s**3 + 692*s**2 - 1363*s - 4473. Calculate d(344).
-1
Let q(i) = -405*i - 29158. Determine q(-72).
2
Let j(p) = 16*p**2 - 19*p - 21. Determine j(3).
66
Let g(h) = h**2 - 86*h - 651. Calculate g(-7).
0
Let j(l) = -l**3 + 13*l**2 + 34. Determine j(10).
334
Let g(p) = -2*p**2 + 271*p - 5748. Give g(26).
-54
Let w(v) = -224*v**2 + 1569*v - 5. What is w(7)?
2
Let u(h) = 5*h**2 - 40*h - 295. What is u(13)?
30
Let n(g) = 2213*g - 11061. What is n(5)?
4
Let f(c) = c**3 - 12*c**2 + 19*c - 7. Calculate f(10).
-17
Let b(u) = -113*u - 4651. Calculate b(-41).
-18
Let c(v) = 19*v**2 + v - 646. Give c(0).
-646
Let r(u) = 2*u**2 + 12*u - 41. Give r(-5).
-51
Let q(y) = 111*y**2 + 9. Determine q(-2).
453
Let c(a) = -2*a + 115. What is c(34)?
47
Let g(v) = v**2 + 65*v + 382. Calculate g(-7).
-24
Let s(p) = -1519*p + 7598. What is s(5)?
3
Let i(v) = 59*v + 536. Give i(-12).
-172
Let p(q) = 40*q - 1812. Determine p(46).
28
Let z(y) = -y**3 + 21*y**2 - 17*y - 68. Determine z(20).
-8
Let h(z) = 22*z**2 + 3136*z - 4607. Determine h(-144).
1
Let o(x) = x**3 - 25*x**2 - 6*x + 47. Calculate o(25).
-103
Let o(n) = -3*n**2 - 10*n - 42. Calculate o(-9).
-195
Let r(i) = -72*i**2 - 1729*i - 22. Give r(-24).
2
Let q(i) = -156*i - 4004. Calculate q(-26).
52
Let f(j) = 134*j - 1485. Give f(11).
-11
Let l(h) = -h**3 - 35*h**2 - 4*h - 119. Calculate l(-35).
21
Let q(v) = 9*v - 46. Calculate q(13).
71
Let y(m) = -2*m**3 + 35*m**2 + 9*m + 53. Calculate y(18).
-109
Let a(r) = -2017*r - 8092. Calculate a(-4).
-24
Let c(d) = -16*d**2 - 80*d + 81. Calculate c(1).
-15
Let k(v) = 2387*v + 47738. Calculate k(-20).
-2
Let z(h) = -55*h - 533. What is z(-8)?
-93
Let l(m) = -3*m**2 + 57*m - 5. Give l(19).
-5
Let o(j) = -j**3 - 2*j**2 + 2*j + 93. What is o(0)?
93
Let t(c) = -9*c**3 + 71*c**2 - 94*c + 24. Give t(1).
-8
Let n(o) = o**3 + 75*o**2 - 6782*o + 249. What is n(-128)?
-7
Let j(r) = -r**3 - 23*r**2 + 330*r + 2539. Give j(-31).
-3
Let q(o) = 3*o**2 - 42*o - 337. Determine q(21).
104
Let v(r) = -11*r**2 + 53*r + 4. Calculate v(5).
-6
Let q(m) = -2*m**2 - 120*m + 12965. Calculate q(56).
-27
Let a(k) = 322*k - 8431. Determine a(26).
-59
Let p(i) = 310*i**3 + 7*i**2 + 7*i + 1. What is p(-1)?
-309
Let s(g) = 32*g**2 + 17*g - 6. What is s(-1)?
9
Let c(n) = -n**2 + 39*n + 3276. Calculate c(80).
-4
Let c(i) = -i**3 + 8*i**2 + 18*i - 13. Determine c(8).
131
Let t(c) = 67*c + 524. Calculate t(-8).
-12
Let c(v) = -v**3 + 24*v**2 + 45*v + 159. Give c(26).
-23
Let f(b) = -b**2 + 108*b - 200. Determine f(106).
12
Let i(d) = -d**2 + 2710*d - 45785. Give i(17).
-4
Let f(t) = t**3 - 24*t**2 - 141*t - 85. Determine f(29).
31
Let q(a) = a**2 - 1021*a - 19756. What is q(-19)?
4
Let c(j) = -9*j + 59. Calculate c(6).
5
Let b(d) = -d**2 - 34*d - 250. Calculate b(-23).
3
Let k(n) = -46*n + 2564. Determine k(55).
34
Let o(f) = 901*f + 4496. Determine o(-5).
-9
Let m(c) = 2*c**3 - 18*c**2 - 36*c - 13. Give m(11).
75
Let b(w) = 435*w + 15239. Determine b(-35).
14
Let q(s) = -3*s**2 - 132*s + 182. Give q(-45).
47
Let v(h) = 3*h**2 - 66*h - 229. Give v(30).
491
Let f(h) = -h**3 - 27*h**2 + 40*h + 306. Give f(-28).
-30
Let y(t) = 283*t + 1403. Give y(-5).
-12
Let y(a) = 20*a + 738. What is y(-35)?
38
Let a(l) = 14*l**2 + 167*l - 12. Give a(-12).
0
Let b(j) = -j**3 + 28*j**2 - 209*j + 281. Calculate b(16).
9
Let f(b) = -292*b + 5005. Calculate f(17).
41
Let b(z) = z**2 + 186*z - 376. Determine b(2).
0
Let m(t) = 49*t + 614. Calculate m(-11).
75
Let a(y) = 34*y**2 - 15. What is a(-2)?
121
Let l(i) = i**2 - 37*i + 383. What is l(22)?
53
Let v(m) = 107*m - 127. Calculate v(1).
-20
Let l(q) = -q**3 - 38*q**2 + 218*q + 273. Determine l(-43).
144
Let t(f) = f**2 - 4*f - 328. What is t(-16)?
-8
Let z(g) = -2*g**2 - 16*g + 2. Determine z(-16).
-254
Let f(y) = -y - 730. Calculate f(40).
-770
Let i(j) = -2*j**2 - 6*j + 158. Give i(-13).
-102
Let n(h) = -4*h**3 - 17*h**2 + 13. Determine n(-4).
-3
Let p(o) = o**3 - 84*o**2 - 3*o + 14. Determine p(0).
14
Let x(h) = -2*h**2 + 112*h - 908. What is x(10)?
12
Let w(i) = 116*i - 354. What is w(6)?
342
Let o(q) = 8*q**3 - 7*q**2 - 19*q + 6. What is o(-3)?
-216
Let r(f) = -6*f**2 + 24*f + 13. Calculate r(0).
13
Let x(a) = 547*a - 3318. Determine x(6).
-36
Let x(t) = t**3 + 8*t**2 - 10*t + 15. What